s of (248/(-4) + t)/(-1).
59
Let t(c) = -c**3 - 9*c**2 - 10*c - 12. Let v be t(-8). Let y(k) = 3*k + 34. What are the prime factors of y(v)?
2, 23
Let n = -960 - -2225. List the prime factors of n.
5, 11, 23
Let a(w) = 7*w**2 - 6*w + 5. Let g be a(1). What are the prime factors of 2*-1 - ((5 - 304) + g)?
3, 97
Let f(b) = b**2 + 10. Suppose -10 = 4*s + 10, -t - 11 = 4*s. List the prime factors of f(t).
7, 13
Let k be 4/(-14) + 0 + (-198)/(-154). What are the prime factors of (2 + -1)/k*(-15 + 122)?
107
Let w = 25 + -23. Let i(h) = 7*h + 3*h**w + 19 - 21 - 2*h**2. List the prime factors of i(3).
2, 7
Suppose 29*u = -7845 + 25332. What are the prime factors of u?
3, 67
Let z(a) = a**2 + 12*a + 15. Let i be z(-11). Suppose o = -2*o + t + 142, -5*o = -3*t - 234. Suppose -i*d + o = -0. List the prime factors of d.
2, 3
Suppose 35*n + 20468 = 42*n. What are the prime factors of n?
2, 17, 43
Let f(i) = -24*i - 16. Let k(x) = 1. Let u(h) = f(h) - 5*k(h). What are the prime factors of u(-9)?
3, 5, 13
Let d = 721 + -508. List the prime factors of d.
3, 71
Let c(a) = 43*a**2 - 13*a + 15. What are the prime factors of c(6)?
3, 5, 11
Let j(o) = 1 - 7*o + 10*o + o + 2*o**2 - 14. List the prime factors of j(-7).
3, 19
Let s(y) = 171*y**2 - 17*y - 58. What are the prime factors of s(-3)?
2, 383
Let b be (2 - -6) + 12/4. Let c(y) = y**3 - 8*y**2 - 18*y - 15. What are the prime factors of c(b)?
2, 3, 5
Let k(m) = -11*m - 36. Let v(j) be the third derivative of j**4/6 + 2*j**3 - 7*j**2. Let i(c) = -3*k(c) - 8*v(c). List the prime factors of i(14).
2, 13
Suppose 0 = -2*f - 6, 69*x - 64*x - 8919 = 3*f. What are the prime factors of x?
2, 3, 11
Suppose 334*x + 121114 = 375*x. List the prime factors of x.
2, 7, 211
Let p = 272 + -219. What are the prime factors of p?
53
Let a be 2/8 + (-88)/(-32). Suppose z - 2*z = a. Let g = z + 27. List the prime factors of g.
2, 3
Let q be -5*16*(-27)/10. Suppose -15*y = -9*y - q. List the prime factors of y.
2, 3
Suppose 2*s - 12*s = -350. Let n = s + -4. List the prime factors of n.
31
Let k(i) = 445*i**2 - 5*i - 1. What are the prime factors of k(-2)?
1789
Suppose 4*d - 40 = -2*h + h, 0 = -5*d + h + 41. Suppose 6 = -d*p + 11*p. List the prime factors of p.
3
Let r be -100*(-2 - (-30)/25). Let a = 224 - r. List the prime factors of a.
2, 3
Let r(d) = d**2 - 10*d - 31. Let g be r(16). Let h = g - 60. List the prime factors of h.
5
Suppose 2*t = 3*t. Suppose 12*q - 8*q + 280 = t. What are the prime factors of 20/q - 345/(-7)?
7
Suppose -3*s - 5*h = -502, -5*s + 663 + 167 = 5*h. What are the prime factors of s?
2, 41
Let b = -299 - -691. List the prime factors of b.
2, 7
Let c be (-180)/(-14) + 7/49. Let q = 9 - c. What are the prime factors of q*2/(-4) - -26?
2, 7
Let d be (7/(-6))/(7/(-42)). Suppose -143 + d = -2*n. List the prime factors of n.
2, 17
Let a(z) = 2*z - 37. Suppose -b = 4*b. Let p be a(b). What are the prime factors of p*1*(-5)/5?
37
Suppose -13 = -3*z - 7. Suppose 2*h = 4*j + 212, 32 = 3*h - z*j - 278. List the prime factors of h.
2, 3, 17
Let c be 54/(-96)*-4*(-56)/3. Let f(z) = z + 60. Let b be f(0). Let t = b + c. What are the prime factors of t?
2, 3
Let a(c) = 7*c**3 + 13. List the prime factors of a(4).
461
Suppose 20*b = 25*b - 195. What are the prime factors of b?
3, 13
Let o(q) = 2*q**3 - 6*q**3 + 18*q**3 - q**2 - 3*q + 4. What are the prime factors of o(2)?
2, 53
Let u = 1573 - 643. Suppose -8*c - 2*c = -u. What are the prime factors of c?
3, 31
Let s be 1/(9/(-12))*9. Let r be 850/(-18) - s/54. Let d = r - -93. What are the prime factors of d?
2, 23
Let u = -1793 + 3570. What are the prime factors of u?
1777
What are the prime factors of ((-210)/35)/(1124/563 - 2)?
3, 563
Let d be (-134)/(-2) + 1 - 2. Let k = 103 - d. What are the prime factors of k?
37
Let m be -4*(0 + (-4)/(-8)). Let r = m + 46. What are the prime factors of r?
2, 11
Let c(m) = 5*m**2 - 62*m - 94. List the prime factors of c(24).
2, 11, 59
Let n = -137 - -252. Suppose -5*v + n = 5*a, -4*a + 2*a + 65 = 3*v. Suppose -5*t + 6 + v = 0. What are the prime factors of t?
5
Suppose 2*q - 15 = i, 5*q - i = 2*i + 39. Suppose -7*x + 48 = -q*x. List the prime factors of x.
2, 3
Let m = -1074 - -1164. List the prime factors of m.
2, 3, 5
List the prime factors of (-1756)/(-5*2/5*1).
2, 439
Suppose 5*t = 7*f - 6*f - 497, 1030 = 2*f - t. What are the prime factors of f?
11, 47
Let m(q) = q**3 - q**2 - 2. Let w be m(2). Let n be w/((24/452)/3). Suppose -5*c + n = s + 43, -c = -s - 8. List the prime factors of c.
13
Let j(y) = 6 - 4 - y - y. Let u(z) = -z - 9. Let b be u(-1). What are the prime factors of j(b)?
2, 3
Let g(x) = -x**3 - 3*x**2 - 2*x + 4. Let u be g(-3). Suppose -10 = 5*a, -5*f = -u*f - 2*a + 16. List the prime factors of (f - 5) + 50/2.
2, 3
Let f = 9 + -4. Suppose v + f*d - 23 = 0, -2*v = -d - 2*d - 20. Suppose 2*z - v = 23. What are the prime factors of z?
2, 3
Suppose 11*g + 17*g - 8512 = 0. What are the prime factors of g?
2, 19
Let f = 468 + 3. What are the prime factors of f?
3, 157
Let w = -996 - -1840. What are the prime factors of w?
2, 211
Suppose -4*w = 3*n - 2152, 2*n - 18*w - 1434 = -20*w. List the prime factors of n.
2, 179
Let y = 823 + -31. What are the prime factors of y?
2, 3, 11
Suppose -2*d - d = -m - 104, -2*m = -2*d + 224. Let k = 45 - m. What are the prime factors of k?
7, 23
Let w = 3 + 0. Suppose 0 = -w*c + 6*c - 204. List the prime factors of c.
2, 17
Let j = 492 - 127. List the prime factors of j.
5, 73
Let r = 118 + -13. Let d be (-6)/(-3) + -4 + 56. Let b = r - d. What are the prime factors of b?
3, 17
Suppose -3*o + 522 = 15. Let f = 254 - o. List the prime factors of f.
5, 17
Suppose 5*i - 748 = 1507. What are the prime factors of i?
11, 41
Let k = -1 + 4. Let u(x) = x**2 - 2*x + 4. Let w be u(k). Suppose -3*d + 22 = 5*j - w, 4*j + 110 = 5*d. List the prime factors of d.
2, 3
Suppose -13*s + 275 = 12*s. What are the prime factors of s?
11
Let i(k) = 7*k + 4. Let a(p) = -13*p - 7. Let v(j) = 3*a(j) + 5*i(j). Let y be v(-1). Suppose y*c - 28 = c. List the prime factors of c.
2, 7
Suppose -9*d = 3*h - 10*d - 3502, 3*d - 2342 = -2*h. What are the prime factors of h?
2, 73
Let i(s) = -3*s - 238 + 5*s**2 + 238. What are the prime factors of i(3)?
2, 3
Let g(b) = -2*b + 1. Let u be g(-2). Suppose 46 = 4*l + u*w + 15, 2*l - 17 = -w. Suppose j = l + 1. List the prime factors of j.
2, 5
Let j = -2252 + 4226. What are the prime factors of j?
2, 3, 7, 47
Let a(w) = w - 1. Let r(o) = 11*o + 3. Let k(n) = -2*a(n) + r(n). What are the prime factors of k(9)?
2, 43
Let g = -359 - -390. List the prime factors of g.
31
Suppose 3*s = -3*b - 12, -4*s = -3*s. Let t be 7 + 0 + 2 + b. Suppose 103 = t*y - 52. List the prime factors of y.
31
What are the prime factors of 948/(48/8) + -2?
2, 3, 13
Let d(p) = 34*p + 6. Let c be (-2)/((-3)/(-6)*-1). What are the prime factors of d(c)?
2, 71
Let r be (-7)/((-35)/165) - 4. Suppose 2*n = -n - 30. Let v = r + n. List the prime factors of v.
19
Suppose -7*o + 8*o + 24 = 0. Let w = 27 + o. Suppose -9 = 3*p, -2*x - w*p + 60 = -27. What are the prime factors of x?
2, 3
Suppose -7*z + 4 = -5*z. Suppose 7 = 3*u - z. What are the prime factors of 0 + u + 106/2?
2, 7
Suppose f - 5 = -0*f. Suppose 0*q - 3*q = -4*z - 118, 0 = -2*q + f*z + 67. Suppose l + 4*j - q + 3 = 0, 4*j - 70 = -2*l. What are the prime factors of l?
3
Let q = -4853 + 7473. List the prime factors of q.
2, 5, 131
Suppose -3 = 3*u + 3*m, 4*u - 3*m - 10 - 14 = 0. Suppose 6*d - u*d = 309. What are the prime factors of d?
103
What are the prime factors of ((-712)/(-6))/((-6)/(-18))?
2, 89
Suppose 2*q - 2*v = -5*v + 40, q + 2 = 4*v. Let g be 7/q + (-62)/(-4). Let a = 75 - g. What are the prime factors of a?
59
List the prime factors of (30/4 + 8)/(1/46).
23, 31
Suppose 3*w + 0*w = -4*t + 8, 0 = 5*w + t - 2. Suppose -l + 3*l = -4*b + 154, w = 3*l - 5*b - 220. Suppose 2*i = -3*i + l. What are the prime factors of i?
3, 5
Let p(m) = -585*m**2 + 586*m**2 - 3*m + 4*m - 2*m - 7. What are the prime factors of p(-6)?
5, 7
Suppose -3*w + 575 = -1447. What are the prime factors of w?
2, 337
Let c = -108 + 193. Let u = 48 - c. Let g = 56 + u. List the prime factors of g.
19
Let t(u) = -u**2 - 7*u + 26. Let i be t(-9). Let r(j) = -j**3 + 9*j*